{"id":121,"date":"2021-03-24T21:00:17","date_gmt":"2021-03-24T21:00:17","guid":{"rendered":"https:\/\/www.urologienachod.cz\/?page_id=121"},"modified":"2022-03-29T21:39:57","modified_gmt":"2022-03-29T21:39:57","slug":"zakroky","status":"publish","type":"page","link":"https:\/\/www.urologienachod.cz\/index.php\/zakroky\/","title":{"rendered":"zakroky"},"content":{"rendered":"\n    \n    <section class=\"u-clearfix u-image u-shading u-section-2\" id=\"sec-cfa6\" data-image-width=\"1706\" data-image-height=\"2560\">\n      <div class=\"u-clearfix u-sheet u-valign-middle-lg u-valign-middle-md u-valign-middle-sm u-valign-middle-xs u-sheet-1\">\n        <h1 class=\"u-text u-text-default-lg u-text-default-md u-text-default-sm u-text-default-xl u-title u-text-1\" data-animation-name=\"fadeIn\" data-animation-duration=\"2000\" data-animation-delay=\"0\">\n          <span class=\"u-text-grey-80\">NA\u0160E SLU\u017dBY<\/span>\n        <\/h1>\n        <img decoding=\"async\" class=\"u-image u-image-default u-image-1\" src=\"https:\/\/www.urologienachod.cz\/wp-content\/uploads\/2022\/03\/UNachodRGB-1.png\" alt=\"\" data-image-width=\"2362\" data-image-height=\"709\">\n      <\/div>\n    <\/section>\n    <section class=\"u-clearfix u-grey-5 u-section-3\" id=\"sec-fd77\">\n      <div class=\"u-clearfix u-sheet u-sheet-1\">\n        <p class=\"u-text u-text-1\">\n          <span style=\"font-size: 1rem;\">\n            <span style=\"font-weight: 700;\" class=\"u-text-custom-color-4\">Akutn\u00ed p\u00e9\u010de<\/span> \u2013 vy\u0161et\u0159en\u00ed a l\u00e9\u010dba <span style=\"font-weight: 700;\">akutn\u00edch urologick\u00fdch stav\u016f <\/span>\n          <\/span>\n          <br>-p\u00e1len\u00ed a bolesti p\u0159i mo\u010den\u00ed (cystitida) <br>- n\u00e1hl\u00e1 bolest v&nbsp;boku (kolika) <br>- hore\u010dka s&nbsp;bolest\u00ed v&nbsp;boku (pyelonefritida) <br>- zv\u011bt\u0161en\u00ed varlete s&nbsp;bolestivost\u00ed s\/bez hore\u010dky (z\u00e1n\u011bt varlete) <br>- hmatn\u00e1 bulka na varleti (podez\u0159en\u00ed na n\u00e1dor varlete) <br>- siln\u00e1 bolest v&nbsp;\u0161ourku (torze varlete) <br>- n\u00e1hl\u00e1 z\u00e1stava mo\u010den\u00ed, nebo nemo\u017enost se vymo\u010dit (akutn\u00ed retence mo\u010de) <br>- \u010dast\u00e9 mo\u010den\u00ed s&nbsp;malou porc\u00ed mo\u010de a pocitem nevypr\u00e1zdn\u011bn\u00ed (chronick\u00e1 retence mo\u010de)<br>\n          <span style=\"font-size: 1rem; font-weight: 700;\" class=\"u-text-custom-color-4\">\n            <br>Preventivn\u00ed \u010dinnost \n          <\/span>\n          <br>- vy\u0161et\u0159en\u00ed pacient\u016f s&nbsp;doporu\u010den\u00edm p\u0159i podez\u0159en\u00ed na urologick\u00e9 onemocn\u011bn\u00ed <br>- vy\u0161et\u0159en\u00ed pacient\u016f v r\u00e1mci screeningu z\u00e1va\u017en\u00fdch urologick\u00fdch onemocn\u011bn\u00ed<br>\n          <br>\n          <span style=\"font-size: 1rem;\">\n            <span style=\"font-weight: 700;\" class=\"u-text-custom-color-4\">Sledov\u00e1n\u00ed pacient\u016f<\/span> (formou preventivn\u00ed p\u00e9\u010de) \n          <\/span>\n          <br>- se zv\u011bt\u0161enou prostatou (BHP) <br>- s&nbsp;mo\u010dov\u00fdmi kameny (liti\u00e1zou) <br>- opakovan\u00fdmi infekcemi mo\u010de (cystitida, pyelonefritida)<br>\n          <br>\n          <span style=\"font-size: 1rem;\">\n            <span style=\"font-weight: 700;\" class=\"u-text-custom-color-4\">Dispenz\u00e1rn\u00ed p\u00e9\u010de<\/span> (dlouhodob\u00e9 sledov\u00e1n\u00ed pacient\u016f s&nbsp;podez\u0159en\u00edm nebo s&nbsp;potvrzen\u00fdm n\u00e1dorov\u00fdm onemocn\u011bn\u00edm) \n          <\/span>\n          <br>- prostata <br>- ledviny <br>- mo\u010dov\u00fd m\u011bch\u00fd\u0159 <br>- varlata<span style=\"font-size: 1rem; font-weight: 700;\" class=\"u-text-custom-color-4\">\n            <br>\n            <br>Jin\u00e9 slu\u017eby \n          <\/span>\n          <br>- vystaven\u00ed poukazu na l\u00e1zn\u011b nebo doporu\u010den\u00ed l\u00e1zn\u00ed <br>- drobn\u00e9 chirurgick\u00e9 v\u00fdkony v&nbsp;lok\u00e1ln\u00ed anestezii <br>- konzulta\u010dn\u00ed \u010dinnost <br>- druh\u00fd n\u00e1zor\n        <\/p>\n      <\/div>\n    <\/section>\n    <section class=\"u-clearfix u-grey-5 u-section-4\" id=\"sec-f088\">\n      <div class=\"u-clearfix u-sheet u-sheet-1\"><\/div>\n    <\/section>\n    \n    \n    \n    \n  \n","protected":false},"excerpt":{"rendered":"<p>NA\u0160E SLU\u017dBY Akutn\u00ed p\u00e9\u010de \u2013 vy\u0161et\u0159en\u00ed a l\u00e9\u010dba akutn\u00edch urologick\u00fdch stav\u016f -p\u00e1len\u00ed a bolesti p\u0159i mo\u010den\u00ed (cystitida) &#8211; n\u00e1hl\u00e1 bolest v&nbsp;boku (kolika) &#8211; hore\u010dka s&nbsp;bolest\u00ed v&nbsp;boku (pyelonefritida) &#8211; zv\u011bt\u0161en\u00ed varlete s&nbsp;bolestivost\u00ed s\/bez hore\u010dky (z\u00e1n\u011bt varlete) &#8211; hmatn\u00e1 bulka na varleti (podez\u0159en\u00ed na n\u00e1dor varlete) &#8211; siln\u00e1 bolest v&nbsp;\u0161ourku (torze varlete) &#8211; n\u00e1hl\u00e1 z\u00e1stava mo\u010den\u00ed, nebo &hellip; <a href=\"https:\/\/www.urologienachod.cz\/index.php\/zakroky\/\" class=\"more-link\">Continue reading<span class=\"screen-reader-text\"> &#8222;zakroky&#8220;<\/span><\/a><\/p>\n","protected":false},"author":1,"featured_media":0,"parent":0,"menu_order":0,"comment_status":"closed","ping_status":"closed","template":"","meta":{"footnotes":""},"class_list":["post-121","page","type-page","status-publish","hentry"],"_links":{"self":[{"href":"https:\/\/www.urologienachod.cz\/index.php\/wp-json\/wp\/v2\/pages\/121","targetHints":{"allow":["GET"]}}],"collection":[{"href":"https:\/\/www.urologienachod.cz\/index.php\/wp-json\/wp\/v2\/pages"}],"about":[{"href":"https:\/\/www.urologienachod.cz\/index.php\/wp-json\/wp\/v2\/types\/page"}],"author":[{"embeddable":true,"href":"https:\/\/www.urologienachod.cz\/index.php\/wp-json\/wp\/v2\/users\/1"}],"replies":[{"embeddable":true,"href":"https:\/\/www.urologienachod.cz\/index.php\/wp-json\/wp\/v2\/comments?post=121"}],"version-history":[{"count":7,"href":"https:\/\/www.urologienachod.cz\/index.php\/wp-json\/wp\/v2\/pages\/121\/revisions"}],"predecessor-version":[{"id":298,"href":"https:\/\/www.urologienachod.cz\/index.php\/wp-json\/wp\/v2\/pages\/121\/revisions\/298"}],"wp:attachment":[{"href":"https:\/\/www.urologienachod.cz\/index.php\/wp-json\/wp\/v2\/media?parent=121"}],"curies":[{"name":"wp","href":"https:\/\/api.w.org\/{rel}","templated":true}]}}